n factor of x and 259.
37
Let h(d) = d**3 - 2*d**2 + d + 12. Let v be h(0). Let p(t) = 23*t - v - 19 - 25*t + 5. Let q be p(-21). What is the highest common divisor of q and 128?
16
Let v(i) = 6*i**2 - i - 2. Let o be v(-1). Let h be (2/o)/((-11)/(-55)). Suppose 2 = w - h. What is the greatest common factor of 2 and w?
2
Let b = 113 + -109. Suppose -2*k = -d - 880, b*k - 2643 = -d - 877. Calculate the highest common divisor of k and 49.
49
Let g = -39 + 57. Suppose 2*v = 42 + g. Suppose -v = 39*s - 44*s. What is the highest common divisor of 24 and s?
6
Suppose 4*n - 428 = -68. Suppose 3*r - 1033 = -11*q - 929, -2*q + 2*r = -24. Calculate the greatest common divisor of n and q.
10
Let l be (-102)/(-6) + 0 + 1. Suppose -h - 4*i + 45 = 0, -28 = -h - 3*i + 14. Let q = 39 - h. What is the greatest common factor of q and l?
6
Suppose -3*y = 2*c - 12274, 8*c + 16384 = 4*y + 6*c. What is the highest common divisor of 184 and y?
46
Let x = -2222 - -2286. What is the greatest common divisor of x and 11456?
64
Suppose -d + 5 + 25 = 2*l, 5*l - 2*d = 66. Suppose 2*t = l - 0. Suppose 38*m - 5166 = -44*m. Calculate the highest common factor of m and t.
7
Let j be -31*(-1 - 0) + (18 - 19). Suppose 6 + j = 4*x. Suppose 132 = 5*r - 93. Calculate the highest common factor of x and r.
9
Let l(s) = 195*s**2 + 30*s + 3. Let j be l(-5). What is the greatest common factor of 168 and j?
24
Suppose -11*a = -111*a + 600. Calculate the greatest common factor of a and 41.
1
Suppose 234309 = 103*g - 67378. What is the highest common divisor of g and 101?
101
Suppose -120 = -5*q - 4*n, -30*n - 25 = -25*n. Let c = 13 + -8. Suppose -c*a + 45 = 2*j + 3*j, -2*a + j = -3. What is the highest common divisor of q and a?
4
Let w = 455 + -453. Suppose 0 = -w*a + 5*z + 170, 3*a - 4*z - 135 = 113. What is the greatest common factor of 400 and a?
80
Suppose -3*w = v + 176, -60 = 2*w - 5*v + 29. Let a = -51 - w. Let h = 12 - a. Calculate the greatest common factor of 48 and h.
6
Let r = 35 + 140. Suppose 2*l - r = 311. Suppose -5*b - 7 = -142. What is the highest common divisor of l and b?
27
Let w be (441/84)/((-1)/24). Let c = w - -306. Suppose -3*t - c = -9*t. Calculate the highest common divisor of t and 30.
30
Let u(a) = 1010*a + 2064. Let l be u(-2). What is the greatest common divisor of 3476 and l?
44
Let b be 1/(-2)*1190/35. Let w be b*(-8 + 1)/7. What is the highest common divisor of 289 and w?
17
Let p be (-1231 - -1)/(12/(-8)). Let l be 3/(-4*(-15)/p). Calculate the greatest common factor of 82 and l.
41
Let d(h) = -14*h + 67. Let q be d(14). Let s = q + 132. What is the greatest common divisor of 111 and s?
3
Suppose -291 = 4*j - 311. Let l = -39 + 54. Calculate the greatest common factor of l and j.
5
Let n be (-4)/((6/24)/((-3)/12)). Suppose n*w = 3*k - 9 - 1, k - 5*w - 7 = 0. Let h be k/((-1100)/(-364) - 3). Calculate the highest common divisor of 13 and h.
13
Let r = 2263 - 1469. Let l = -302 + r. What is the highest common divisor of l and 12?
12
Let m = -91 + 116. Let g = 29 - m. Suppose -3*q - 113 = -g*v, -6*q + 10*q - 20 = 0. Calculate the highest common divisor of 32 and v.
32
Suppose b - 35204 = -0*p - p, 5*p + 20 = 0. What is the greatest common factor of b and 54?
54
Let n(h) = 3*h**2 + 3*h - 864. Let l be n(-37). Calculate the greatest common factor of l and 216.
108
Suppose 0 = -2*l + 4*r + 146, 4*l - 4*r - 304 = -2*r. Let o(u) = 536*u**2 + 15*u + 18. Let z be o(-1). Calculate the highest common factor of l and z.
77
Suppose -r = 3*s - 6, 2*s + 5*r = -s + 18. Let p be s*45*156/390. What is the highest common factor of p and 6?
6
Suppose 2*g + 5*z - 51 = 0, -30 = -g + z - 5*z. Calculate the greatest common divisor of 13 and g.
1
Suppose 0 = 61*q - 65*q + 24. Let f be 8 + 392/(-48) - (-13)/q. What is the greatest common factor of f and 24?
2
Let p = -467 + 482. Let w be 5 + 3*55/p. What is the greatest common divisor of w and 184?
8
Let j = -10508 + 11839. What is the greatest common factor of j and 44?
11
Let y = -21 - -9. Let o be y/36 + (-73)/(-3). What is the highest common factor of 18 and o?
6
Suppose 3*r + 265 = c, 5*r + 109 + 166 = c. Let x be (15/12)/(2/16). Calculate the greatest common factor of x and c.
10
Suppose 2*n + 598 = -u, 15*u = 13*u + 2*n - 1202. Let r = 611 + u. What is the greatest common factor of r and 605?
11
Suppose -3*w = -3*d + 11 + 16, -3*d - 5*w + 19 = 0. Let t be ((-96)/(-40))/(138/230). Calculate the highest common divisor of d and t.
4
Let y = 5587 + -5462. Calculate the greatest common factor of 19 and y.
1
Suppose 24*m = 3*m + 6846. Suppose 124 + m = 10*a. What is the greatest common divisor of 10 and a?
5
Let o be 4/(-18) + (-520)/(-234). Suppose -o*u + 2*z + 4 = z, -5*u = -3*z - 10. Calculate the greatest common divisor of u and 1.
1
Let d(i) = 3*i**3 + 35*i**2 + 6*i - 35. Let s be d(-7). Calculate the greatest common divisor of 2639 and s.
203
Suppose -5*y = -89 - 271. Suppose -3*f - 330 = -3*m, 8*m - f = 13*m - 538. What is the greatest common factor of m and y?
36
Suppose 129*u - 381789 = 451551. What is the greatest common factor of u and 136?
68
Let r = -5 + 9. Let j be 34/r + 9/(-6). Suppose c - 576 = -j*c. What is the greatest common factor of c and 9?
9
Let i(l) = l**3 - 182*l**2 - 742*l - 310. Let r be i(186). What is the highest common divisor of 10354 and r?
62
Suppose 17*c - 22*c + 6000 = 0. Suppose 16*x - 6*x = c. What is the highest common divisor of x and 72?
24
Suppose -140 = -91*c + 105 - 63. Calculate the greatest common factor of c and 262.
2
Suppose -2*o - r - 1021 = -5*o, 0 = 5*r - 25. Let x = 7753 + -7735. Calculate the highest common factor of x and o.
18
Suppose -63*x + 19*x + 1020 = -388. Calculate the highest common divisor of x and 52.
4
Let z = 46 - 33. Let i(b) = 64*b**2 + 4 - 37*b**2 - 3*b + 7*b. Let p be i(-2). Calculate the greatest common divisor of p and z.
13
Let a = 2 + 0. Suppose 0 = -a*x + 28 - 6. Let r(m) = -3*m**2 + 37*m - 101. Let l be r(7). What is the greatest common factor of l and x?
11
Let d = 517 - 248. Let q = d - 224. Calculate the highest common divisor of q and 60.
15
Suppose -251*g + 101*g = -61200. What is the greatest common factor of 5661 and g?
51
Suppose 413*n - 419*n + 198 = 0. Let l = -5 - -10. Suppose 24 = 4*q + l*t, -q - t = q - 18. Calculate the highest common factor of q and n.
11
Let k(q) = 331*q**2 - 2*q + 1. Let i be k(1). Let w = 127336 - 127306. What is the highest common divisor of i and w?
30
Let y = 12008 + -12004. Suppose 3*b - 919 = -5*m - 57, 0 = -5*b + 5*m + 1410. What is the highest common divisor of y and b?
4
Let s(x) = 15*x**2 - 44*x + 9. Let d be s(-8). Suppose 5*p + 138 + 409 = 2*v, 5*v - d = -3*p. Calculate the greatest common divisor of v and 14.
14
Let t be (1/2)/((-2)/(-100)). Let i be 5/6*3*30/t. Suppose -s + 176 = i*s. What is the highest common divisor of 88 and s?
44
Let u = -17151 + 19748. Calculate the highest common factor of u and 159.
53
Let p(x) = x**3 + 81*x**2 + x + 615. Let v be p(-81). Calculate the greatest common factor of 24 and v.
6
Let h be ((-4)/10)/(4/(-10)). Let d be (h + 3)/((-16)/(-80)). Let c be -18*((-100)/6)/5. Calculate the highest common factor of c and d.
20
Let i = 3083 - 3021. What is the highest common divisor of i and 527?
31
Let s(w) = 30*w + 225. Let d(x) = 15*x + 25. Let n be d(-2). Let b be s(n). Calculate the highest common divisor of 90 and b.
15
Let u be 5 + (-810)/(-35) + 4/(-28). Let b be 72/u*((-56)/(-6) + 0). What is the greatest common divisor of b and 8?
8
Let r(h) = -2*h**3 + 42*h**2 + h - 11. Let s be r(21). Suppose s*b + 201 - 591 = 0. Let l = 89 - 63. What is the highest common factor of b and l?
13
Let z be -1*(1 + -3*2). Let g be 185380/2325 + (-24)/(-90). What is the highest common factor of g and z?
5
Let g = -284 + 322. Suppose -g*n = -44*n + 78. What is the greatest common factor of 494 and n?
13
Let u be 2 + (2 - -41) + 0. Let o(r) = 19*r**3 + 2*r**2 - 3*r + 2. Let w be o(1). Suppose w*n - 21*n = -30. What is the highest common divisor of n and u?
15
Suppose 13*m = 19*m - 468. Let h = -74 + m. Calculate the greatest common factor of 6 and h.
2
Let h be 4758/299 + 6/69. Suppose -h = -3*l - 3*o + 269, o + 97 = l. What is the highest common factor of l and 240?
48
Suppose -23*a = -